e
Is 6054975749 a composite number?
True
Is 35663238277 composite?
False
Is 35995847401 composite?
False
Is 29856409907 a prime number?
False
Is 98767946819 composite?
True
Is 21868731113 prime?
False
Is 68767564927 a composite number?
False
Is 25449770623 a composite number?
True
Is 17433053867 prime?
False
Is 1751236577 a composite number?
False
Is 5231091059 a composite number?
False
Is 8304306577 prime?
False
Is 12594238619 composite?
False
Is 2581856023 a composite number?
False
Is 3065433361 prime?
False
Is 16721990141 a prime number?
True
Is 350952533 a prime number?
True
Is 5697709763 prime?
False
Is 3228434143 a prime number?
False
Is 543900751 prime?
True
Is 6139166549 prime?
True
Is 67098444073 a composite number?
True
Is 425607293 composite?
False
Is 1738493371 a composite number?
False
Is 393974967 a prime number?
False
Is 303927728597 a composite number?
False
Is 11300142317 composite?
False
Is 127915261 a prime number?
False
Is 4018104703 a composite number?
True
Is 12653164309 a composite number?
False
Is 405589993 prime?
True
Is 80058112241 prime?
True
Is 12772857803 a composite number?
True
Is 276793301 composite?
True
Is 266556181 prime?
False
Is 5193661697 prime?
False
Is 896844703 a composite number?
False
Is 699438373 prime?
True
Is 1095374281 composite?
False
Is 23065661303 a prime number?
True
Is 29994525689 prime?
True
Is 1010841791 a prime number?
True
Is 21414480231 prime?
False
Is 173742053 composite?
False
Is 3143451137 composite?
False
Is 8372598917 a prime number?
True
Is 159369449 composite?
False
Is 2308824137 a composite number?
True
Is 19281097721 composite?
False
Is 2367039053 prime?
True
Is 7278633361 composite?
True
Is 28577679707 a prime number?
False
Is 32471208361 prime?
False
Is 562193257 prime?
False
Is 34626670469 a composite number?
False
Is 1391752799 prime?
False
Is 7841736461 a prime number?
False
Is 2420173913 a prime number?
True
Is 188138467 composite?
True
Is 108692055314 prime?
False
Is 16010742581 prime?
False
Is 5426713753 composite?
True
Is 19290820223 prime?
True
Is 9171597881 a prime number?
False
Is 860201389 composite?
False
Is 872167897 composite?
False
Is 1121205401 a composite number?
False
Is 22816330117 composite?
True
Is 1649949419 a composite number?
True
Is 341980087 composite?
False
Is 2905762589 a prime number?
True
Is 8393983139 composite?
True
Is 119372194589 composite?
False
Is 10103591539 prime?
False
Is 1171659779 composite?
True
Is 481551041 a composite number?
True
Is 6247282291 a prime number?
True
Is 733134229 composite?
False
Is 1297586723 a composite number?
False
Is 5499343793 a prime number?
False
Is 16245083 a composite number?
True
Is 40890501073 composite?
True
Is 534227817 a prime number?
False
Is 374330074 a composite number?
True
Is 13220895917 a composite number?
False
Is 648777137 prime?
False
Is 101788545223 a composite number?
False
Is 8488691677 composite?
False
Is 1266404203 a composite number?
False
Is 8441050003 a prime number?
True
Is 1643553155 a composite number?
True
Is 9046458959 prime?
True
Is 1546146461 prime?
True
Is 6779487161 a prime number?
True
Is 6655145647 a prime number?
False
Is 2546993767 a prime number?
True
Is 160890971 a prime number?
False
Is 131376480091 prime?
True
Is 378823678 a prime number?
False
Is 6269577439 a prime number?
False
Is 843576047 prime?
False
Is 5567032417 a prime number?
True
Is 906984211 prime?
False
Is 39048056029 composite?
True
Is 877733377 a composite number?
True
Is 2325070855 a prime number?
False
Is 13426313929 composite?
True
Is 1062544531 composite?
False
Is 1720847717 a composite number?
True
Is 1768090553 composite?
False
Is 9675558017 composite?
False
Is 4436352049 a composite number?
False
Is 3366606461 composite?
False
Is 5316786529 composite?
False
Is 7246977443 a prime number?
False
Is 874039711 prime?
True
Is 998566169 composite?
False
Is 1496333551 composite?
True
Is 3868173193 prime?
False
Is 235952771 composite?
True
Is 137827411 a prime number?
True
Is 980979971 composite?
False
Is 554259295 prime?
False
Is 11255751653 a prime number?
False
Is 10057886519 a composite number?
False
Is 3173201851 a prime number?
False
Is 433033781 composite?
False
Is 469316521 a composite number?
False
Is 2011285783 composite?
True
Is 1206714517 a composite number?
False
Is 68068229 prime?
True
Is 2580725533 prime?
False
Is 2968692995 prime?
False
Is 110176657 prime?
False
Is 338278475523 a prime number?
False
Is 5163551 a composite number?
True
Is 97769605 prime?
False
Is 1771127191 composite?
False
Is 2018436743 prime?
False
Is 41724350405 a prime number?
False
Is 591191663 prime?
True
Is 328298281 a prime number?
True
Is 22926437641 composite?
True
Is 7541507213 a composite number?
False
Is 7456812877 prime?
False
Is 10285873529 a prime number?
True
Is 818594279 a prime number?
False
Is 49157939 prime?
False
Is 16636069903 a prime number?
True
Is 3977411717 prime?
True
Is 22749275537 a composite number?
False
Is 89538791 a prime number?
True
Is 198502983223 a prime number?
True
Is 616845421 a prime number?
True
Is 437851873 a composite number?
False
Is 25610403373 a composite number?
True
Is 1265373349 composite?
True
Is 479771609 a prime number?
False
Is 23058656729 prime?
True
Is 7374231523 a prime number?
True
Is 1760904683 a composite number?
False
Is 4088898931 a composite number?
True
Is 694708579 prime?
True
Is 549221061 prime?
False
Is 168280405 composite?
True
Is 9000890905 a prime number?
False
Is 31617082433 prime?
False
Is 49021728823 prime?
True
Is 5280151459 a composite number?
True
Is 51202999 prime?
False
Is 19026401 composite?
False
Is 314227393 prime?
True
Is 28652608373 a prime number?
True
Is 919274687 a composite number?
True
Is 944947417 prime?
True
Is 4768042757 composite?
False
Is 734038717 a prime number?
False
Is 951704011 a prime number?
True
Is 16848967141 a composite number?
False
Is 101287183639 a prime number?
False
Is 3385228601 a prime number?
False
Is 722430235 prime?
False
Is 1242109265 composite?
True
Is 1774606111 a prime number?
True
Is 221977543 composite?
False
Is 1127926277 prime?
False
Is 19391801155 prime?
False
Is 9652598819 a prime number?
False
Is 183365477 a composite number?
True
Is 25070911129 prime?
False
Is 35642994203 a prime number?
False
Is 94108157777 a composite number?
True
Is 1128485821 a prime number?
True
Is 32820206009 composite?
False
Is 9491482061 composite?
False
Is 34832299569 a composite number?
True
Is 133977199 prime?
True
Is 1684746347 composite?
False
Is 648278647 prime?
True
Is 1435511771 composite?
False
Is 66611364811 composite?
False
Is 1973126201 composite?
False
Is 13864410839 composite?
False
Is 157510498853 a prime number?
True
Is 3729597659 composite?
False
Is 200751767933 composite?
False
Is 777220423 composite?
True
Is 179236445 composite?
True
Is 181523673899 prime?
False
Is 7379046821 composite?
False
Is 7749368161 prime?
False
Is 6129232807 a prime number?
False
Is 2483724623 a composite number?
False
Is 221986227361 a prime number?
True
Is 370596965969 a composite number?
True
Is 1158556621 a composite number?
True
Is 7187027 a prime number?
True
Is 12684892939 composite?
True
Is 670083991 a prime number?
True
Is 1697298713 composite?
True
Is 654761321 composite?
False
Is 33227611649 composite?
False
Is 50831553947 a prime number?
False
Is 2624002231 a composite number?
False
Is 404214071 a composite number?
False
Is 15298308661 prime?
False
Is 10184399293 composite?
False
Is 18146560001 prime?
False
Is 26025562441 prime?
True
Is 181536877 a composite number?
False
Is 147433423 prime?
True
Is 195838174339 prime?
True
Is 2029334137 prime?
False
Is 17506831471 a composite number?
False
Is 152251021526 composite?
True
Is 25206828731 prime?
False
Is 17922852202 a composite number?
True
Is 388310431 a prime number?
False
Is 15399428647 a prime number?
False
Is 2817089731 a composite number?
True
Is 9940361489 prime?
True
Is 40573609 a prime number?
True
Is 1281975229 a prime number?
False
Is 41586329 a composite number?
False
Is 87045091337 composite?
True
Is 5856894677 a composite number?
False
Is 906570403 a composite number?
False
Is 10384561337 prime?
False
Is 19660005049 prime?
True
Is 13044014391 prime?
False
Is